 the remainder when 107 is divided by 29?
20
What is the remainder when 146 is divided by 86?
60
What is the remainder when 129 is divided by 6?
3
Calculate the remainder when 922 is divided by 16.
10
What is the remainder when 41 is divided by 28?
13
What is the remainder when 64 is divided by 17?
13
Calculate the remainder when 724 is divided by 70.
24
Calculate the remainder when 4658 is divided by 14.
10
What is the remainder when 356 is divided by 10?
6
Calculate the remainder when 59 is divided by 29.
1
Calculate the remainder when 272 is divided by 6.
2
Calculate the remainder when 117 is divided by 12.
9
What is the remainder when 156 is divided by 32?
28
What is the remainder when 4585 is divided by 54?
49
Calculate the remainder when 579 is divided by 230.
119
Calculate the remainder when 396 is divided by 49.
4
Calculate the remainder when 712 is divided by 14.
12
Calculate the remainder when 32 is divided by 12.
8
Calculate the remainder when 1202 is divided by 85.
12
Calculate the remainder when 72 is divided by 25.
22
What is the remainder when 268 is divided by 43?
10
What is the remainder when 832 is divided by 22?
18
What is the remainder when 280 is divided by 9?
1
What is the remainder when 511 is divided by 124?
15
Calculate the remainder when 303 is divided by 184.
119
What is the remainder when 30 is divided by 20?
10
What is the remainder when 446 is divided by 56?
54
What is the remainder when 2809 is divided by 97?
93
What is the remainder when 63 is divided by 16?
15
What is the remainder when 1296 is divided by 59?
57
What is the remainder when 82 is divided by 29?
24
What is the remainder when 340 is divided by 113?
1
What is the remainder when 612 is divided by 44?
40
Calculate the remainder when 549 is divided by 29.
27
What is the remainder when 7864 is divided by 121?
120
What is the remainder when 1388 is divided by 30?
8
Calculate the remainder when 478 is divided by 30.
28
Calculate the remainder when 977 is divided by 9.
5
Calculate the remainder when 751 is divided by 191.
178
Calculate the remainder when 338 is divided by 19.
15
Calculate the remainder when 32081 is divided by 13.
10
What is the remainder when 25 is divided by 9?
7
What is the remainder when 643 is divided by 49?
6
Calculate the remainder when 3609 is divided by 172.
169
Calculate the remainder when 177 is divided by 36.
33
Calculate the remainder when 43 is divided by 13.
4
Calculate the remainder when 960 is divided by 51.
42
Calculate the remainder when 197 is divided by 20.
17
What is the remainder when 2815 is divided by 175?
15
What is the remainder when 4828 is divided by 15?
13
Calculate the remainder when 699 is divided by 243.
213
Calculate the remainder when 92 is divided by 54.
38
Calculate the remainder when 16125 is divided by 128.
125
What is the remainder when 559 is divided by 11?
9
What is the remainder when 167 is divided by 87?
80
What is the remainder when 4313 is divided by 83?
80
What is the remainder when 1505 is divided by 8?
1
Calculate the remainder when 1103 is divided by 58.
1
What is the remainder when 681 is divided by 36?
33
What is the remainder when 3097 is divided by 7?
3
Calculate the remainder when 147 is divided by 45.
12
What is the remainder when 184 is divided by 20?
4
What is the remainder when 231 is divided by 81?
69
Calculate the remainder when 510 is divided by 163.
21
What is the remainder when 1645 is divided by 149?
6
What is the remainder when 167 is divided by 40?
7
What is the remainder when 2591 is divided by 54?
53
Calculate the remainder when 467 is divided by 13.
12
What is the remainder when 311 is divided by 35?
31
What is the remainder when 491 is divided by 82?
81
What is the remainder when 9 is divided by 8?
1
What is the remainder when 334 is divided by 56?
54
What is the remainder when 188 is divided by 62?
2
What is the remainder when 294 is divided by 16?
6
What is the remainder when 19955 is divided by 24?
11
Calculate the remainder when 194 is divided by 49.
47
Calculate the remainder when 263 is divided by 41.
17
What is the remainder when 17217 is divided by 70?
67
What is the remainder when 174 is divided by 18?
12
Calculate the remainder when 560 is divided by 17.
16
What is the remainder when 285 is divided by 3?
0
What is the remainder when 320 is divided by 73?
28
What is the remainder when 36 is divided by 3?
0
Calculate the remainder when 805 is divided by 196.
21
What is the remainder when 577 is divided by 10?
7
Calculate the remainder when 912 is divided by 34.
28
Calculate the remainder when 206 is divided by 14.
10
What is the remainder when 72 is divided by 25?
22
What is the remainder when 156 is divided by 79?
77
Calculate the remainder when 186 is divided by 175.
11
Calculate the remainder when 1979 is divided by 33.
32
What is the remainder when 7146 is divided by 30?
6
Calculate the remainder when 100 is divided by 50.
0
Calculate the remainder when 205 is divided by 35.
30
Calculate the remainder when 575 is divided by 198.
179
What is the remainder when 637 is divided by 308?
21
What is the remainder when 16190 is divided by 11?
9
Calculate the remainder when 3359 is divided by 41.
38
What is the remainder when 18 is divided by 10?
8
What is the remainder when 47 is divided by 11?
3
What is the remainder when 2814 is divided by 401?
7
Calculate the remainder when 703 is divided by 64.
63
What is the remainder when 257 is divided by 43?
42
Calculate the remainder when 59 is divided by 26.
7
What is the remainder when 1124 is divided by 54?
44
Calculate the remainder when 400 is divided by 143.
114
What is the remainder when 139 is divided by 24?
19
Calculate the remainder when 348 is divided by 10.
8
Calculate the remainder when 1172 is divided by 69.
68
Calculate the remainder when 4335 is divided by 867.
0
What is the remainder when 1724 is divided by 157?
154
Calculate the remainder when 700 is divided by 675.
25
What is the remainder when 181 is divided by 56?
13
Calculate the remainder when 5666 is divided by 63.
59
What is the remainder when 1875 is divided by 19?
13
What is the remainder when 16539 is divided by 18?
15
What is the remainder when 1606 is divided by 114?
10
Calculate the remainder when 422 is divided by 53.
51
What is the remainder when 3162 is divided by 244?
234
What is the remainder when 56 is divided by 32?
24
What is the remainder when 460 is divided by 40?
20
Calculate the remainder when 327 is divided by 98.
33
What is the remainder when 3508 is divided by 60?
28
What is the remainder when 1486 is divided by 12?
10
Calculate the remainder when 255 is divided by 62.
7
What is the remainder when 66 is divided by 4?
2
What is the remainder when 3278 is divided by 67?
62
Calculate the remainder when 2374 is divided by 237.
4
What is the remainder when 1059 is divided by 176?
3
Calculate the remainder when 57 is divided by 28.
1
What is the remainder when 236 is divided by 63?
47
What is the remainder when 287 is divided by 101?
85
What is the remainder when 83 is divided by 23?
14
Calculate the remainder when 370 is divided by 53.
52
What is the remainder when 1065 is divided by 351?
12
What is the remainder when 4015 is divided by 80?
15
Calculate the remainder when 55 is divided by 21.
13
Calculate the remainder when 585 is divided by 21.
18
Calculate the remainder when 723 is divided by 361.
1
What is the remainder when 97 is divided by 11?
9
What is the remainder when 72 is divided by 65?
7
What is the remainder when 207 is divided by 13?
12
Calculate the remainder when 165 is divided by 69.
27
Calculate the remainder when 40 is divided by 9.
4
Calculate the remainder when 291 is divided by 58.
1
Calculate the remainder when 163 is divided by 45.
28
What is the remainder when 151 is divided by 8?
7
Calculate the remainder when 172 is divided by 7.
4
Calculate the remainder when 256 is divided by 135.
121
What is the remainder when 2427 is divided by 32?
27
Calculate the remainder when 24586 is divided by 18.
16
Calculate the remainder when 56 is divided by 27.
2
What is the remainder when 168 is divided by 27?
6
What is the remainder when 186 is divided by 86?
14
What is the remainder when 60 is divided by 22?
16
Calcul